{"id":140,"date":"2014-12-11T13:34:00","date_gmt":"2014-12-11T13:34:00","guid":{"rendered":"http:\/\/test.kriesi.at\/minimal-portfolio\/?post_type=portfolio&#038;p=140"},"modified":"2019-12-11T13:11:36","modified_gmt":"2019-12-11T13:11:36","slug":"philo-pour-enfants","status":"publish","type":"portfolio","link":"https:\/\/lewinda.org\/?portfolio=philo-pour-enfants","title":{"rendered":"Atelier philosophie pour enfants"},"content":{"rendered":"<div id='av_section_1'  class='avia-section main_color avia-section-default avia-no-shadow avia-bg-style-scroll  avia-builder-el-0  el_before_av_slideshow  avia-builder-el-first   container_wrap sidebar_right' style=' '  ><div class='container' ><main  role=\"main\" itemprop=\"mainContentOfPage\"  class='template-page content  av-content-small alpha units'><div class='post-entry post-entry-type-page post-entry-140'><div class='entry-content-wrapper clearfix'>\n<div class=\"flex_column av_one_full  flex_column_div av-zero-column-padding first  avia-builder-el-1  el_before_av_one_full  avia-builder-el-first  \" style='border-radius:0px; '><p><div  style='padding-bottom:10px; color:#f5a418;font-size:40px;' class='av-special-heading av-special-heading-h1 custom-color-heading blockquote modern-quote  avia-builder-el-2  el_before_av_textblock  avia-builder-el-first  av-thin-font av-inherit-size '><h1 class='av-special-heading-tag '  itemprop=\"headline\"  >Atelier <strong>philosophie pour enfants<\/strong><\/h1><div class='special-heading-border'><div class='special-heading-inner-border' style='border-color:#f5a418'><\/div><\/div><\/div><br \/>\n<section class=\"av_textblock_section \"  itemscope=\"itemscope\" itemtype=\"https:\/\/schema.org\/CreativeWork\" ><div class='avia_textblock  av_inherit_color '  style='font-size:18px; color:#3e90e8; '  itemprop=\"text\" ><p>Cet atelier proposera aux enfants d&rsquo;\u00e9changer sur un th\u00e8me de r\u00e9flexion concernant les grandes questions universelles de l\u2019existence (la vie, la joie, la maladie, la mort, etc.). L\u2019enfant aura la libert\u00e9 de r\u00e9fl\u00e9chir et de s\u2019exprimer sur la vie et les questions qui y sont attach\u00e9es.<\/p>\n<p>Cet atelier aura pour objectif de <b>cr\u00e9er<\/b> <strong>un espace de parole<\/strong> o\u00f9 les enfants pourront s&rsquo;exprimer, <b>d&rsquo;engager<\/b> les enfants \u00e0 approfondir leurs id\u00e9es, \u00e0 les d\u00e9velopper, \u00e0 les argumenter et \u00e0 en prendre ainsi conscience.<\/p>\n<\/div><\/section><\/p><\/div><div class=\"flex_column av_one_full  flex_column_div av-zero-column-padding first  avia-builder-el-4  el_after_av_one_full  avia-builder-el-last  column-top-margin\" style='border-radius:0px; '><\/div><\/div><\/div><\/main><!-- close content main element --><\/div><\/div><div id='after_section_1'  class='main_color av_default_container_wrap container_wrap sidebar_right' style=' '  ><div class='container' ><div class='template-page content  av-content-small alpha units'><div class='post-entry post-entry-type-page post-entry-140'><div class='entry-content-wrapper clearfix'><div   data-size='gallery'  data-lightbox_size='large'  data-animation='slide'  data-conditional_play=''  data-ids='532,604,605,606,607'  data-video_counter='0'  data-autoplay='false'  data-bg_slider='false'  data-slide_height=''  data-handle='av_slideshow'  data-interval='5'  data-class=' avia-builder-el-5  el_after_av_section  avia-builder-el-no-sibling  '  data-el_id=''  data-css_id=''  data-scroll_down=''  data-control_layout='av-control-default'  data-custom_markup=''  data-perma_caption=''  data-autoplay_stopper=''  data-image_attachment=''  data-min_height='0px'  data-default-height='80.94674556213'  class='avia-slideshow avia-slideshow-1  av-control-default av-default-height-applied avia-slideshow-gallery av_slideshow  avia-builder-el-5  el_after_av_section  avia-builder-el-no-sibling   avia-slide-slider '  itemprop=\"image\" itemscope=\"itemscope\" itemtype=\"https:\/\/schema.org\/ImageObject\" ><ul class='avia-slideshow-inner ' style='padding-bottom: 80.94674556213%;' ><li  class=' slide-1 ' ><div data-rel='slideshow-1' class='avia-slide-wrap '   ><img src='https:\/\/lewinda.org\/wp-content\/uploads\/2019\/12\/photo-Johanna-1-845x684.jpg' width='845' height='684' title='photo Johanna 1' alt=''  itemprop=\"thumbnailUrl\"   \/><\/div><\/li><li  class=' slide-2 ' ><div data-rel='slideshow-1' class='avia-slide-wrap '   ><img src='https:\/\/lewinda.org\/wp-content\/uploads\/2015\/07\/photo-Johanna-2-845x684.jpg' width='845' height='684' title='photo Johanna 2' alt=''  itemprop=\"thumbnailUrl\"   \/><\/div><\/li><li  class=' slide-3 ' ><div data-rel='slideshow-1' class='avia-slide-wrap '   ><img src='https:\/\/lewinda.org\/wp-content\/uploads\/2015\/07\/photo-Johanna-3.jpg' width='401' height='263' title='photo Johanna 3' alt=''  itemprop=\"thumbnailUrl\"   \/><\/div><\/li><li  class=' slide-4 ' ><div data-rel='slideshow-1' class='avia-slide-wrap '   ><img src='https:\/\/lewinda.org\/wp-content\/uploads\/2015\/07\/photo-Johanna-4.jpg' width='185' height='273' title='photo Johanna 4' alt=''  itemprop=\"thumbnailUrl\"   \/><\/div><\/li><li  class=' slide-5 ' ><div data-rel='slideshow-1' class='avia-slide-wrap '   ><img src='https:\/\/lewinda.org\/wp-content\/uploads\/2015\/07\/photo-Johanna-5.jpg' width='450' height='300' title='photo Johanna 5' alt=''  itemprop=\"thumbnailUrl\"   \/><\/div><\/li><\/ul><div class='avia-slideshow-arrows avia-slideshow-controls'><a href='#prev' class='prev-slide' aria-hidden='true' data-av_icon='\ue87c' data-av_iconfont='entypo-fontello'>Pr\u00e9c\u00e9dent<\/a><a href='#next' class='next-slide' aria-hidden='true' data-av_icon='\ue87d' data-av_iconfont='entypo-fontello'>Suivant<\/a><\/div><div class='avia-slideshow-dots avia-slideshow-controls'><a href='#1' class='goto-slide active' >1<\/a><a href='#2' class='goto-slide ' >2<\/a><a href='#3' class='goto-slide ' >3<\/a><a href='#4' class='goto-slide ' >4<\/a><a href='#5' class='goto-slide ' >5<\/a><\/div><\/div><\/p>\n","protected":false},"excerpt":{"rendered":"","protected":false},"featured_media":532,"comment_status":"closed","ping_status":"closed","template":"","tags":[7],"portfolio_entries":[22],"class_list":["post-140","portfolio","type-portfolio","status-publish","has-post-thumbnail","hentry","tag-accompagner-les-enfants","portfolio_entries-philo-enfants"],"_links":{"self":[{"href":"https:\/\/lewinda.org\/index.php?rest_route=\/wp\/v2\/portfolio\/140","targetHints":{"allow":["GET"]}}],"collection":[{"href":"https:\/\/lewinda.org\/index.php?rest_route=\/wp\/v2\/portfolio"}],"about":[{"href":"https:\/\/lewinda.org\/index.php?rest_route=\/wp\/v2\/types\/portfolio"}],"replies":[{"embeddable":true,"href":"https:\/\/lewinda.org\/index.php?rest_route=%2Fwp%2Fv2%2Fcomments&post=140"}],"version-history":[{"count":6,"href":"https:\/\/lewinda.org\/index.php?rest_route=\/wp\/v2\/portfolio\/140\/revisions"}],"predecessor-version":[{"id":615,"href":"https:\/\/lewinda.org\/index.php?rest_route=\/wp\/v2\/portfolio\/140\/revisions\/615"}],"wp:featuredmedia":[{"embeddable":true,"href":"https:\/\/lewinda.org\/index.php?rest_route=\/wp\/v2\/media\/532"}],"wp:attachment":[{"href":"https:\/\/lewinda.org\/index.php?rest_route=%2Fwp%2Fv2%2Fmedia&parent=140"}],"wp:term":[{"taxonomy":"post_tag","embeddable":true,"href":"https:\/\/lewinda.org\/index.php?rest_route=%2Fwp%2Fv2%2Ftags&post=140"},{"taxonomy":"portfolio_entries","embeddable":true,"href":"https:\/\/lewinda.org\/index.php?rest_route=%2Fwp%2Fv2%2Fportfolio_entries&post=140"}],"curies":[{"name":"wp","href":"https:\/\/api.w.org\/{rel}","templated":true}]}}

<div id='av_section_1'  class='avia-section main_color avia-section-default avia-no-shadow avia-bg-style-scroll  avia-builder-el-0  el_before_av_slideshow  avia-builder-el-first   container_wrap sidebar_right' style=' '  ><div class='container' ><main  role="main" itemprop="mainContentOfPage"  class='template-page content  av-content-small alpha units'><div class='post-entry post-entry-type-page post-entry-140'><div class='entry-content-wrapper clearfix'>
<div class="flex_column av_one_full  flex_column_div av-zero-column-padding first  avia-builder-el-1  el_before_av_one_full  avia-builder-el-first  " style='border-radius:0px; '><p><div  style='padding-bottom:10px; color:#f5a418;font-size:40px;' class='av-special-heading av-special-heading-h1 custom-color-heading blockquote modern-quote  avia-builder-el-2  el_before_av_textblock  avia-builder-el-first  av-thin-font av-inherit-size '><h1 class='av-special-heading-tag '  itemprop="headline"  >Atelier <strong>philosophie pour enfants</strong></h1><div class='special-heading-border'><div class='special-heading-inner-border' style='border-color:#f5a418'></div></div></div><br />
<section class="av_textblock_section "  itemscope="itemscope" itemtype="https://schema.org/CreativeWork" ><div class='avia_textblock  av_inherit_color '  style='font-size:18px; color:#3e90e8; '  itemprop="text" ><p>Cet atelier proposera aux enfants d&rsquo;échanger sur un thème de réflexion concernant les grandes questions universelles de l’existence (la vie, la joie, la maladie, la mort, etc.). L’enfant aura la liberté de réfléchir et de s’exprimer sur la vie et les questions qui y sont attachées.</p>
<p>Cet atelier aura pour objectif de <b>créer</b> <strong>un espace de parole</strong> où les enfants pourront s&rsquo;exprimer, <b>d&rsquo;engager</b> les enfants à approfondir leurs idées, à les développer, à les argumenter et à en prendre ainsi conscience.</p>
</div></section></p></div><div class="flex_column av_one_full  flex_column_div av-zero-column-padding first  avia-builder-el-4  el_after_av_one_full  avia-builder-el-last  column-top-margin" style='border-radius:0px; '></div></div></div></main><!-- close content main element --></div></div><div id='after_section_1'  class='main_color av_default_container_wrap container_wrap sidebar_right' style=' '  ><div class='container' ><div class='template-page content  av-content-small alpha units'><div class='post-entry post-entry-type-page post-entry-140'><div class='entry-content-wrapper clearfix'><div   data-size='gallery'  data-lightbox_size='large'  data-animation='slide'  data-conditional_play=''  data-ids='532,604,605,606,607'  data-video_counter='0'  data-autoplay='false'  data-bg_slider='false'  data-slide_height=''  data-handle='av_slideshow'  data-interval='5'  data-class=' avia-builder-el-5  el_after_av_section  avia-builder-el-no-sibling  '  data-el_id=''  data-css_id=''  data-scroll_down=''  data-control_layout='av-control-default'  data-custom_markup=''  data-perma_caption=''  data-autoplay_stopper=''  data-image_attachment=''  data-min_height='0px'  data-default-height='80.94674556213'  class='avia-slideshow avia-slideshow-1  av-control-default av-default-height-applied avia-slideshow-gallery av_slideshow  avia-builder-el-5  el_after_av_section  avia-builder-el-no-sibling   avia-slide-slider '  itemprop="image" itemscope="itemscope" itemtype="https://schema.org/ImageObject" ><ul class='avia-slideshow-inner ' style='padding-bottom: 80.94674556213%;' ><li  class=' slide-1 ' ><div data-rel='slideshow-1' class='avia-slide-wrap '   ><img src='https://lewinda.org/wp-content/uploads/2019/12/photo-Johanna-1-845x684.jpg' width='845' height='684' title='photo Johanna 1' alt=''  itemprop="thumbnailUrl"   /></div></li><li  class=' slide-2 ' ><div data-rel='slideshow-1' class='avia-slide-wrap '   ><img src='https://lewinda.org/wp-content/uploads/2015/07/photo-Johanna-2-845x684.jpg' width='845' height='684' title='photo Johanna 2' alt=''  itemprop="thumbnailUrl"   /></div></li><li  class=' slide-3 ' ><div data-rel='slideshow-1' class='avia-slide-wrap '   ><img src='https://lewinda.org/wp-content/uploads/2015/07/photo-Johanna-3.jpg' width='401' height='263' title='photo Johanna 3' alt=''  itemprop="thumbnailUrl"   /></div></li><li  class=' slide-4 ' ><div data-rel='slideshow-1' class='avia-slide-wrap '   ><img src='https://lewinda.org/wp-content/uploads/2015/07/photo-Johanna-4.jpg' width='185' height='273' title='photo Johanna 4' alt=''  itemprop="thumbnailUrl"   /></div></li><li  class=' slide-5 ' ><div data-rel='slideshow-1' class='avia-slide-wrap '   ><img src='https://lewinda.org/wp-content/uploads/2015/07/photo-Johanna-5.jpg' width='450' height='300' title='photo Johanna 5' alt=''  itemprop="thumbnailUrl"   /></div></li></ul><div class='avia-slideshow-arrows avia-slideshow-controls'><a href='#prev' class='prev-slide' aria-hidden='true' data-av_icon='' data-av_iconfont='entypo-fontello'>Précédent</a><a href='#next' class='next-slide' aria-hidden='true' data-av_icon='' data-av_iconfont='entypo-fontello'>Suivant</a></div><div class='avia-slideshow-dots avia-slideshow-controls'><a href='#1' class='goto-slide active' >1</a><a href='#2' class='goto-slide ' >2</a><a href='#3' class='goto-slide ' >3</a><a href='#4' class='goto-slide ' >4</a><a href='#5' class='goto-slide ' >5</a></div></div></p>
